{"id":122,"date":"2020-12-29T16:55:10","date_gmt":"2020-12-29T15:55:10","guid":{"rendered":"https:\/\/atina-kanal.ch\/?page_id=122"},"modified":"2025-12-22T16:55:52","modified_gmt":"2025-12-22T15:55:52","slug":"angebot","status":"publish","type":"page","link":"https:\/\/atina-kanal.ch\/?page_id=122","title":{"rendered":"Angebot"},"content":{"rendered":"\n\n\t<h1><strong>Angebot<\/strong><\/h1>\n\t<p>Seit \u00fcber 30 Jahren stehen wir f\u00fcr Kompetenz in Ablauf, Kanalisation und Rohrreinigung.<\/p>\n<p>Egal ob Verstopfung, Abwasserproblem oder dringender Einsatz. F\u00fcr Privathaushalte wie auch Verwaltungen sind wir vom Kanton Z\u00fcrich bis in den Aargau zuverl\u00e4ssig unterwegs und sorgen f\u00fcr schnelle L\u00f6sungen.<\/p>\n<p>Unser Leistungsspektrum reicht von Ablauf und Rohrreinigung \u00fcber den Unterhalt von Kanalisationsanlagen und Schachtentleerungen bis zur Kanal TV Inspektion. Mit unserer langj\u00e4hrigen Erfahrung arbeiten wir effizient, sauber und l\u00f6sungsorientiert.<\/p>\n\t<strong>Dienstleistungen rund um Leitungen<\/strong><br \/>\n\u2022 Abwasserleitungen<br \/>\n\u2022 Fallstr\u00e4nge<br \/>\n\u2022 K\u00fcchenleitungen<br \/>\n\u2022 Waschk\u00fcchenabl\u00e4ufe<br \/>\n\u2022 WC und Bad Leitungen<br \/>\n\u2022 Bodenabl\u00e4ufe<br \/>\n\u2022 Dachabl\u00e4ufe\n<strong>Kanalservice und Kontrollen<\/strong><br \/>\n\u2022 Kanalunterhalt<br \/>\n\u2022 Kanal TV<br \/>\n\u2022 TV Kontrollen<br \/>\n\u2022 Kontrollen<br \/>\n\u2022 Schachtprotokolle\n<strong>Spezialanlagen und Entsorgung<\/strong><br \/>\n\u2022 Pumpensch\u00e4chte<br \/>\n\u2022 Schlammsammler<br \/>\n\u2022 Sicker und Drainageleitungen<br \/>\n\u2022 Saugarbeiten<br \/>\n\u2022 Fachgerechte Entsorgungen\n<strong>Beratung<\/strong><br \/>\n\u2022 Pers\u00f6nliche und kompetente Beratung\n\t<h1><strong>Unsere Dienstleitungen<\/strong><\/h1>\n\n","protected":false},"excerpt":{"rendered":"<p>Angebot Seit \u00fcber 30 Jahren stehen wir f\u00fcr Kompetenz in Ablauf, Kanalisation und Rohrreinigung. Egal ob&#8230;<\/p>\n","protected":false},"author":1,"featured_media":0,"parent":0,"menu_order":0,"comment_status":"closed","ping_status":"closed","template":"","meta":[],"_links":{"self":[{"href":"https:\/\/atina-kanal.ch\/index.php?rest_route=\/wp\/v2\/pages\/122"}],"collection":[{"href":"https:\/\/atina-kanal.ch\/index.php?rest_route=\/wp\/v2\/pages"}],"about":[{"href":"https:\/\/atina-kanal.ch\/index.php?rest_route=\/wp\/v2\/types\/page"}],"author":[{"embeddable":true,"href":"https:\/\/atina-kanal.ch\/index.php?rest_route=\/wp\/v2\/users\/1"}],"replies":[{"embeddable":true,"href":"https:\/\/atina-kanal.ch\/index.php?rest_route=%2Fwp%2Fv2%2Fcomments&post=122"}],"version-history":[{"count":44,"href":"https:\/\/atina-kanal.ch\/index.php?rest_route=\/wp\/v2\/pages\/122\/revisions"}],"predecessor-version":[{"id":427,"href":"https:\/\/atina-kanal.ch\/index.php?rest_route=\/wp\/v2\/pages\/122\/revisions\/427"}],"wp:attachment":[{"href":"https:\/\/atina-kanal.ch\/index.php?rest_route=%2Fwp%2Fv2%2Fmedia&parent=122"}],"curies":[{"name":"wp","href":"https:\/\/api.w.org\/{rel}","templated":true}]}}