{"id":18,"date":"2020-11-01T18:57:37","date_gmt":"2020-11-01T17:57:37","guid":{"rendered":"https:\/\/atina-kanal.ch\/?page_id=18"},"modified":"2022-06-07T13:11:12","modified_gmt":"2022-06-07T11:11:12","slug":"kontakt","status":"publish","type":"page","link":"https:\/\/atina-kanal.ch\/?page_id=18","title":{"rendered":"Kontakt"},"content":{"rendered":"\n<h1><strong>Kontakt Formular<\/strong><\/h1>\n<h3><\/h3>\n\t<h1>Gerne nehmen wir Ihr Anliegen auch per Mail unter info@atina-kanal.ch entgegen.<\/h1>\n<p>F\u00fcr Notf\u00e4lle kontaktieren Sie uns \u00fcber 079 663 62 49<\/p>\n<h3><\/h3>\n","protected":false},"excerpt":{"rendered":"<p>Kontakt Formular Gerne nehmen wir Ihr Anliegen auch per Mail unter info@atina-kanal.ch entgegen. F\u00fcr Notf\u00e4lle kontaktieren&#8230;<\/p>\n","protected":false},"author":1,"featured_media":0,"parent":0,"menu_order":0,"comment_status":"closed","ping_status":"closed","template":"","meta":[],"_links":{"self":[{"href":"https:\/\/atina-kanal.ch\/index.php?rest_route=\/wp\/v2\/pages\/18"}],"collection":[{"href":"https:\/\/atina-kanal.ch\/index.php?rest_route=\/wp\/v2\/pages"}],"about":[{"href":"https:\/\/atina-kanal.ch\/index.php?rest_route=\/wp\/v2\/types\/page"}],"author":[{"embeddable":true,"href":"https:\/\/atina-kanal.ch\/index.php?rest_route=\/wp\/v2\/users\/1"}],"replies":[{"embeddable":true,"href":"https:\/\/atina-kanal.ch\/index.php?rest_route=%2Fwp%2Fv2%2Fcomments&post=18"}],"version-history":[{"count":20,"href":"https:\/\/atina-kanal.ch\/index.php?rest_route=\/wp\/v2\/pages\/18\/revisions"}],"predecessor-version":[{"id":396,"href":"https:\/\/atina-kanal.ch\/index.php?rest_route=\/wp\/v2\/pages\/18\/revisions\/396"}],"wp:attachment":[{"href":"https:\/\/atina-kanal.ch\/index.php?rest_route=%2Fwp%2Fv2%2Fmedia&parent=18"}],"curies":[{"name":"wp","href":"https:\/\/api.w.org\/{rel}","templated":true}]}}