{"id":444,"date":"2025-12-29T14:07:56","date_gmt":"2025-12-29T13:07:56","guid":{"rendered":"https:\/\/atina-kanal.ch\/?page_id=444"},"modified":"2025-12-29T14:35:22","modified_gmt":"2025-12-29T13:35:22","slug":"444-2","status":"publish","type":"page","link":"https:\/\/atina-kanal.ch\/?page_id=444","title":{"rendered":"Impressum"},"content":{"rendered":"\n\n\t<p><strong>Impressum<\/strong><\/p>\nAtina Kanal GmbH<br \/>\nRechtsform Gesellschaft mit beschr\u00e4nkter Haftung GmbH\nUID Wirtschafts ID CHE 112 425 571<br \/>\nHandelsregister Nummer CH 400 4 026 732 0<br \/>\nRegistergericht Handelsregisteramt des Kantons Aargau\nHauptsitz<br \/>\nAtina Kanal GmbH<br \/>\nSonnenmatt 3<br \/>\n5605 Dottikon<br \/>\nSchweiz\nZweigniederlassung<br \/>\nAtina Kanal GmbH Zweigniederlassung Z\u00fcrich<br \/>\nAckersteinstrasse 122<br \/>\n8049 Z\u00fcrich<br \/>\nSchweiz\n<p>UID Zweigniederlassung CHE 385 416 646<\/p>\nKontakt<br \/>\nTelefon 079 663 62 49<br \/>\nTelefon Z\u00fcrich 044 500 10 50<br \/>\nE Mail info@atina kanal.ch<br \/>\nWebsite www.atina-kanal.ch\nGesch\u00e4ftsf\u00fchrung<br \/>\nMarcel L\u00fcthi\nHaftungsausschluss<br \/>\nDie Inhalte dieser Website werden mit gr\u00f6sstm\u00f6glicher Sorgfalt erstellt. F\u00fcr die Richtigkeit Vollst\u00e4ndigkeit und Aktualit\u00e4t der Inhalte kann jedoch keine Gew\u00e4hr \u00fcbernommen werden. Haftungsanspr\u00fcche gegen den Betreiber wegen Sch\u00e4den materieller oder immaterieller Art welche aus dem Zugriff oder der Nutzung der ver\u00f6ffentlichten Informationen entstanden sind werden ausgeschlossen soweit gesetzlich zul\u00e4ssig.\nUrheberrechte<br \/>\nDie Urheberrechte und alle anderen Rechte an Inhalten Bildern Fotos oder anderen Dateien auf dieser Website geh\u00f6ren ausschliesslich der Atina Kanal GmbH oder den speziell genannten Rechteinhabern. Eine Verwendung ohne vorherige schriftliche Zustimmung ist nicht gestattet.\n\n","protected":false},"excerpt":{"rendered":"<p>Impressum Atina Kanal GmbH Rechtsform Gesellschaft mit beschr\u00e4nkter Haftung GmbH UID Wirtschafts ID CHE 112 425&#8230;<\/p>\n","protected":false},"author":1,"featured_media":0,"parent":0,"menu_order":0,"comment_status":"closed","ping_status":"closed","template":"","meta":[],"_links":{"self":[{"href":"https:\/\/atina-kanal.ch\/index.php?rest_route=\/wp\/v2\/pages\/444"}],"collection":[{"href":"https:\/\/atina-kanal.ch\/index.php?rest_route=\/wp\/v2\/pages"}],"about":[{"href":"https:\/\/atina-kanal.ch\/index.php?rest_route=\/wp\/v2\/types\/page"}],"author":[{"embeddable":true,"href":"https:\/\/atina-kanal.ch\/index.php?rest_route=\/wp\/v2\/users\/1"}],"replies":[{"embeddable":true,"href":"https:\/\/atina-kanal.ch\/index.php?rest_route=%2Fwp%2Fv2%2Fcomments&post=444"}],"version-history":[{"count":5,"href":"https:\/\/atina-kanal.ch\/index.php?rest_route=\/wp\/v2\/pages\/444\/revisions"}],"predecessor-version":[{"id":458,"href":"https:\/\/atina-kanal.ch\/index.php?rest_route=\/wp\/v2\/pages\/444\/revisions\/458"}],"wp:attachment":[{"href":"https:\/\/atina-kanal.ch\/index.php?rest_route=%2Fwp%2Fv2%2Fmedia&parent=444"}],"curies":[{"name":"wp","href":"https:\/\/api.w.org\/{rel}","templated":true}]}}